{"id":728,"date":"2025-07-31T13:16:23","date_gmt":"2025-07-31T09:16:23","guid":{"rendered":"https:\/\/bal.agence4y.fr\/?page_id=728"},"modified":"2025-07-31T13:16:23","modified_gmt":"2025-07-31T09:16:23","slug":"politique-des-cookies","status":"publish","type":"page","link":"https:\/\/bal.agence4y.fr\/index.php\/politique-des-cookies\/","title":{"rendered":"Politique des cookies"},"content":{"rendered":"<style>.wp-block-kadence-advancedheading.kt-adv-heading728_ac8339-cc, .wp-block-kadence-advancedheading.kt-adv-heading728_ac8339-cc[data-kb-block=\"kb-adv-heading728_ac8339-cc\"]{font-style:normal;}.wp-block-kadence-advancedheading.kt-adv-heading728_ac8339-cc mark.kt-highlight, .wp-block-kadence-advancedheading.kt-adv-heading728_ac8339-cc[data-kb-block=\"kb-adv-heading728_ac8339-cc\"] mark.kt-highlight{font-style:normal;color:#f76a0c;-webkit-box-decoration-break:clone;box-decoration-break:clone;padding-top:0px;padding-right:0px;padding-bottom:0px;padding-left:0px;}.wp-block-kadence-advancedheading.kt-adv-heading728_ac8339-cc img.kb-inline-image, .wp-block-kadence-advancedheading.kt-adv-heading728_ac8339-cc[data-kb-block=\"kb-adv-heading728_ac8339-cc\"] img.kb-inline-image{width:150px;vertical-align:baseline;}<\/style>\n<h2 class=\"kt-adv-heading728_ac8339-cc wp-block-kadence-advancedheading\" data-kb-block=\"kb-adv-heading728_ac8339-cc\">Politique de Cookies<\/h2>\n\n\n<style>.wp-block-kadence-advancedheading.kt-adv-heading728_44751a-be, .wp-block-kadence-advancedheading.kt-adv-heading728_44751a-be[data-kb-block=\"kb-adv-heading728_44751a-be\"]{font-style:normal;}.wp-block-kadence-advancedheading.kt-adv-heading728_44751a-be mark.kt-highlight, .wp-block-kadence-advancedheading.kt-adv-heading728_44751a-be[data-kb-block=\"kb-adv-heading728_44751a-be\"] mark.kt-highlight{font-style:normal;color:#f76a0c;-webkit-box-decoration-break:clone;box-decoration-break:clone;padding-top:0px;padding-right:0px;padding-bottom:0px;padding-left:0px;}.wp-block-kadence-advancedheading.kt-adv-heading728_44751a-be img.kb-inline-image, .wp-block-kadence-advancedheading.kt-adv-heading728_44751a-be[data-kb-block=\"kb-adv-heading728_44751a-be\"] img.kb-inline-image{width:150px;vertical-align:baseline;}<\/style>\n<p class=\"kt-adv-heading728_44751a-be wp-block-kadence-advancedheading\" data-kb-block=\"kb-adv-heading728_44751a-be\">Notre site utilise des cookies pour am\u00e9liorer votre exp\u00e9rience de navigation et analyser le trafic.<\/p>\n\n\n<style>.wp-block-kadence-advancedheading.kt-adv-heading728_1ef6ef-6d, .wp-block-kadence-advancedheading.kt-adv-heading728_1ef6ef-6d[data-kb-block=\"kb-adv-heading728_1ef6ef-6d\"]{font-style:normal;}.wp-block-kadence-advancedheading.kt-adv-heading728_1ef6ef-6d mark.kt-highlight, .wp-block-kadence-advancedheading.kt-adv-heading728_1ef6ef-6d[data-kb-block=\"kb-adv-heading728_1ef6ef-6d\"] mark.kt-highlight{font-style:normal;color:#f76a0c;-webkit-box-decoration-break:clone;box-decoration-break:clone;padding-top:0px;padding-right:0px;padding-bottom:0px;padding-left:0px;}.wp-block-kadence-advancedheading.kt-adv-heading728_1ef6ef-6d img.kb-inline-image, .wp-block-kadence-advancedheading.kt-adv-heading728_1ef6ef-6d[data-kb-block=\"kb-adv-heading728_1ef6ef-6d\"] img.kb-inline-image{width:150px;vertical-align:baseline;}<\/style>\n<h3 class=\"kt-adv-heading728_1ef6ef-6d wp-block-kadence-advancedheading\" data-kb-block=\"kb-adv-heading728_1ef6ef-6d\">Qu\u2019est-ce qu\u2019un cookie ?<\/h3>\n\n\n<style>.wp-block-kadence-advancedheading.kt-adv-heading728_1b1a72-a8, .wp-block-kadence-advancedheading.kt-adv-heading728_1b1a72-a8[data-kb-block=\"kb-adv-heading728_1b1a72-a8\"]{font-style:normal;}.wp-block-kadence-advancedheading.kt-adv-heading728_1b1a72-a8 mark.kt-highlight, .wp-block-kadence-advancedheading.kt-adv-heading728_1b1a72-a8[data-kb-block=\"kb-adv-heading728_1b1a72-a8\"] mark.kt-highlight{font-style:normal;color:#f76a0c;-webkit-box-decoration-break:clone;box-decoration-break:clone;padding-top:0px;padding-right:0px;padding-bottom:0px;padding-left:0px;}.wp-block-kadence-advancedheading.kt-adv-heading728_1b1a72-a8 img.kb-inline-image, .wp-block-kadence-advancedheading.kt-adv-heading728_1b1a72-a8[data-kb-block=\"kb-adv-heading728_1b1a72-a8\"] img.kb-inline-image{width:150px;vertical-align:baseline;}<\/style>\n<p class=\"kt-adv-heading728_1b1a72-a8 wp-block-kadence-advancedheading\" data-kb-block=\"kb-adv-heading728_1b1a72-a8\">Un cookie est un petit fichier texte enregistr\u00e9 sur votre appareil lorsque vous visitez un site web. Il permet \u00e0 ce site de se souvenir de vos actions et pr\u00e9f\u00e9rences.<\/p>\n\n\n<style>.wp-block-kadence-advancedheading.kt-adv-heading728_501f91-96, .wp-block-kadence-advancedheading.kt-adv-heading728_501f91-96[data-kb-block=\"kb-adv-heading728_501f91-96\"]{font-style:normal;}.wp-block-kadence-advancedheading.kt-adv-heading728_501f91-96 mark.kt-highlight, .wp-block-kadence-advancedheading.kt-adv-heading728_501f91-96[data-kb-block=\"kb-adv-heading728_501f91-96\"] mark.kt-highlight{font-style:normal;color:#f76a0c;-webkit-box-decoration-break:clone;box-decoration-break:clone;padding-top:0px;padding-right:0px;padding-bottom:0px;padding-left:0px;}.wp-block-kadence-advancedheading.kt-adv-heading728_501f91-96 img.kb-inline-image, .wp-block-kadence-advancedheading.kt-adv-heading728_501f91-96[data-kb-block=\"kb-adv-heading728_501f91-96\"] img.kb-inline-image{width:150px;vertical-align:baseline;}<\/style>\n<h3 class=\"kt-adv-heading728_501f91-96 wp-block-kadence-advancedheading\" data-kb-block=\"kb-adv-heading728_501f91-96\">Quels types de cookies utilisons-nous ?<\/h3>\n\n\n\n<ul class=\"wp-block-list has--font-size\">\n<li>Cookies strictement n\u00e9cessaires : assurent le bon fonctionnement du site (ex : formulaire de contact).<\/li>\n\n\n\n<li>Cookies de mesure d\u2019audience : permettent d\u2019analyser le trafic du site (ex : Google Analytics).<\/li>\n\n\n\n<li>Cookies de services tiers : utilis\u00e9s pour afficher des vid\u00e9os, boutons de partage, etc.<\/li>\n<\/ul>\n\n\n<style>.wp-block-kadence-advancedheading.kt-adv-heading728_4abb95-af, .wp-block-kadence-advancedheading.kt-adv-heading728_4abb95-af[data-kb-block=\"kb-adv-heading728_4abb95-af\"]{font-style:normal;}.wp-block-kadence-advancedheading.kt-adv-heading728_4abb95-af mark.kt-highlight, .wp-block-kadence-advancedheading.kt-adv-heading728_4abb95-af[data-kb-block=\"kb-adv-heading728_4abb95-af\"] mark.kt-highlight{font-style:normal;color:#f76a0c;-webkit-box-decoration-break:clone;box-decoration-break:clone;padding-top:0px;padding-right:0px;padding-bottom:0px;padding-left:0px;}.wp-block-kadence-advancedheading.kt-adv-heading728_4abb95-af img.kb-inline-image, .wp-block-kadence-advancedheading.kt-adv-heading728_4abb95-af[data-kb-block=\"kb-adv-heading728_4abb95-af\"] img.kb-inline-image{width:150px;vertical-align:baseline;}<\/style>\n<h3 class=\"kt-adv-heading728_4abb95-af wp-block-kadence-advancedheading\" data-kb-block=\"kb-adv-heading728_4abb95-af\">Consentement<\/h3>\n\n\n<style>.wp-block-kadence-advancedheading.kt-adv-heading728_a47315-7f, .wp-block-kadence-advancedheading.kt-adv-heading728_a47315-7f[data-kb-block=\"kb-adv-heading728_a47315-7f\"]{font-style:normal;}.wp-block-kadence-advancedheading.kt-adv-heading728_a47315-7f mark.kt-highlight, .wp-block-kadence-advancedheading.kt-adv-heading728_a47315-7f[data-kb-block=\"kb-adv-heading728_a47315-7f\"] mark.kt-highlight{font-style:normal;color:#f76a0c;-webkit-box-decoration-break:clone;box-decoration-break:clone;padding-top:0px;padding-right:0px;padding-bottom:0px;padding-left:0px;}.wp-block-kadence-advancedheading.kt-adv-heading728_a47315-7f img.kb-inline-image, .wp-block-kadence-advancedheading.kt-adv-heading728_a47315-7f[data-kb-block=\"kb-adv-heading728_a47315-7f\"] img.kb-inline-image{width:150px;vertical-align:baseline;}<\/style>\n<p class=\"kt-adv-heading728_a47315-7f wp-block-kadence-advancedheading\" data-kb-block=\"kb-adv-heading728_a47315-7f\">Lors de votre premi\u00e8re visite, un bandeau vous permet de g\u00e9rer vos pr\u00e9f\u00e9rences en mati\u00e8re de cookies. Vous pouvez modifier ou retirer votre consentement \u00e0 tout moment.<\/p>\n\n\n<style>.wp-block-kadence-advancedheading.kt-adv-heading728_bbb91e-94, .wp-block-kadence-advancedheading.kt-adv-heading728_bbb91e-94[data-kb-block=\"kb-adv-heading728_bbb91e-94\"]{font-style:normal;}.wp-block-kadence-advancedheading.kt-adv-heading728_bbb91e-94 mark.kt-highlight, .wp-block-kadence-advancedheading.kt-adv-heading728_bbb91e-94[data-kb-block=\"kb-adv-heading728_bbb91e-94\"] mark.kt-highlight{font-style:normal;color:#f76a0c;-webkit-box-decoration-break:clone;box-decoration-break:clone;padding-top:0px;padding-right:0px;padding-bottom:0px;padding-left:0px;}.wp-block-kadence-advancedheading.kt-adv-heading728_bbb91e-94 img.kb-inline-image, .wp-block-kadence-advancedheading.kt-adv-heading728_bbb91e-94[data-kb-block=\"kb-adv-heading728_bbb91e-94\"] img.kb-inline-image{width:150px;vertical-align:baseline;}<\/style>\n<h3 class=\"kt-adv-heading728_bbb91e-94 wp-block-kadence-advancedheading\" data-kb-block=\"kb-adv-heading728_bbb91e-94\">Gestion des cookies<\/h3>\n\n\n<style>.wp-block-kadence-advancedheading.kt-adv-heading728_826292-ea, .wp-block-kadence-advancedheading.kt-adv-heading728_826292-ea[data-kb-block=\"kb-adv-heading728_826292-ea\"]{font-style:normal;}.wp-block-kadence-advancedheading.kt-adv-heading728_826292-ea mark.kt-highlight, .wp-block-kadence-advancedheading.kt-adv-heading728_826292-ea[data-kb-block=\"kb-adv-heading728_826292-ea\"] mark.kt-highlight{font-style:normal;color:#f76a0c;-webkit-box-decoration-break:clone;box-decoration-break:clone;padding-top:0px;padding-right:0px;padding-bottom:0px;padding-left:0px;}.wp-block-kadence-advancedheading.kt-adv-heading728_826292-ea img.kb-inline-image, .wp-block-kadence-advancedheading.kt-adv-heading728_826292-ea[data-kb-block=\"kb-adv-heading728_826292-ea\"] img.kb-inline-image{width:150px;vertical-align:baseline;}<\/style>\n<p class=\"kt-adv-heading728_826292-ea wp-block-kadence-advancedheading\" data-kb-block=\"kb-adv-heading728_826292-ea\">Vous pouvez aussi configurer votre navigateur pour refuser ou supprimer les cookies. Cela peut cependant affecter certaines fonctionnalit\u00e9s du site.<\/p>\n","protected":false},"excerpt":{"rendered":"<p>Politique de Cookies Notre site utilise des cookies pour am\u00e9liorer votre exp\u00e9rience de navigation et analyser le trafic. Qu\u2019est-ce qu\u2019un cookie ? Un cookie est un petit fichier texte enregistr\u00e9 sur votre appareil lorsque vous visitez un site web. Il permet \u00e0 ce site de se souvenir de vos actions et pr\u00e9f\u00e9rences. Quels types de&#8230;<\/p>\n","protected":false},"author":1,"featured_media":0,"parent":0,"menu_order":0,"comment_status":"closed","ping_status":"closed","template":"","meta":{"_kad_post_transparent":"","_kad_post_title":"","_kad_post_layout":"","_kad_post_sidebar_id":"","_kad_post_content_style":"","_kad_post_vertical_padding":"","_kad_post_feature":"","_kad_post_feature_position":"","_kad_post_header":false,"_kad_post_footer":false,"_kad_post_classname":"","footnotes":""},"class_list":["post-728","page","type-page","status-publish","hentry"],"_links":{"self":[{"href":"https:\/\/bal.agence4y.fr\/index.php\/wp-json\/wp\/v2\/pages\/728","targetHints":{"allow":["GET"]}}],"collection":[{"href":"https:\/\/bal.agence4y.fr\/index.php\/wp-json\/wp\/v2\/pages"}],"about":[{"href":"https:\/\/bal.agence4y.fr\/index.php\/wp-json\/wp\/v2\/types\/page"}],"author":[{"embeddable":true,"href":"https:\/\/bal.agence4y.fr\/index.php\/wp-json\/wp\/v2\/users\/1"}],"replies":[{"embeddable":true,"href":"https:\/\/bal.agence4y.fr\/index.php\/wp-json\/wp\/v2\/comments?post=728"}],"version-history":[{"count":2,"href":"https:\/\/bal.agence4y.fr\/index.php\/wp-json\/wp\/v2\/pages\/728\/revisions"}],"predecessor-version":[{"id":730,"href":"https:\/\/bal.agence4y.fr\/index.php\/wp-json\/wp\/v2\/pages\/728\/revisions\/730"}],"wp:attachment":[{"href":"https:\/\/bal.agence4y.fr\/index.php\/wp-json\/wp\/v2\/media?parent=728"}],"curies":[{"name":"wp","href":"https:\/\/api.w.org\/{rel}","templated":true}]}}